e
Is 82651 prime?
True
Is 31091 a composite number?
False
Is 222429 a composite number?
True
Is 46162 a composite number?
True
Is 8483 prime?
False
Is 2581 a prime number?
False
Is 67801 prime?
True
Is 23962 a composite number?
True
Is 12763 composite?
False
Is 1123 prime?
True
Is 404671 a prime number?
True
Is 96047 composite?
True
Is 88547 a composite number?
False
Is 11467 a prime number?
True
Is 195563 a composite number?
True
Is 33403 a prime number?
True
Is 214939 composite?
False
Is 54121 a composite number?
False
Is 347179 composite?
True
Is 826087 prime?
True
Is 58711 a prime number?
True
Is 209 a composite number?
True
Is 1123 a composite number?
False
Is 2525249 prime?
True
Is 259069 composite?
True
Is 1031371 a prime number?
False
Is 13223 prime?
False
Is 3946 a composite number?
True
Is 336043 prime?
False
Is 27091 a composite number?
False
Is 5249 composite?
True
Is 40607 prime?
False
Is 40835 composite?
True
Is 801769 prime?
False
Is 42481 a composite number?
True
Is 2747 a composite number?
True
Is 6887 a composite number?
True
Is 7735249 composite?
False
Is 449511 a prime number?
False
Is 27043 a composite number?
False
Is 2333 a prime number?
True
Is 3651919 a composite number?
False
Is 863149 composite?
True
Is 75139 a composite number?
True
Is 437351 a composite number?
False
Is 751943 a prime number?
True
Is 126067 a composite number?
False
Is 179039 prime?
False
Is 82363 composite?
True
Is 4673113 prime?
False
Is 36997 composite?
False
Is 88717 prime?
False
Is 48943 a composite number?
True
Is 1027483 a composite number?
False
Is 222739 a composite number?
True
Is 150077 composite?
False
Is 206669 prime?
False
Is 43541 a composite number?
False
Is 239231 prime?
True
Is 972047 a prime number?
True
Is 2867 composite?
True
Is 32749 a composite number?
False
Is 6457 a prime number?
False
Is 45683 a prime number?
False
Is 82583 prime?
False
Is 1319951 a composite number?
False
Is 594565 composite?
True
Is 705187 a prime number?
False
Is 22267 a prime number?
False
Is 71871 a composite number?
True
Is 110749 prime?
True
Is 41011 a composite number?
False
Is 13171 a composite number?
False
Is 15681 prime?
False
Is 748589 prime?
True
Is 3973 a prime number?
False
Is 357229 a composite number?
False
Is 71779 prime?
False
Is 1337 a composite number?
True
Is 73121 a composite number?
False
Is 5513 a composite number?
True
Is 7283 a prime number?
True
Is 144617 composite?
True
Is 4751 a composite number?
False
Is 13117 a composite number?
True
Is 19661 prime?
True
Is 77991 prime?
False
Is 26141 prime?
True
Is 3647 prime?
False
Is 89027 a prime number?
False
Is 73061 prime?
True
Is 1801 prime?
True
Is 4283 a prime number?
True
Is 8209 prime?
True
Is 368759 a prime number?
False
Is 76417 a composite number?
True
Is 13709 a composite number?
False
Is 3679 a composite number?
True
Is 199337 a composite number?
False
Is 877 composite?
False
Is 175039 composite?
False
Is 328481 prime?
True
Is 81721 a prime number?
False
Is 4531 a composite number?
True
Is 3489 prime?
False
Is 75767 a prime number?
True
Is 79529 a prime number?
False
Is 22917 prime?
False
Is 15727 composite?
False
Is 2218 prime?
False
Is 9763 a prime number?
False
Is 25427 a prime number?
False
Is 283631 composite?
False
Is 10289 prime?
True
Is 165131 prime?
False
Is 66491 composite?
False
Is 45379 composite?
True
Is 39341 a prime number?
True
Is 50219 composite?
True
Is 4253 a composite number?
False
Is 1436087 a prime number?
True
Is 46463 a composite number?
True
Is 34939 a composite number?
False
Is 719 prime?
True
Is 608653 a composite number?
False
Is 173081 a composite number?
False
Is 2921 a prime number?
False
Is 2747 prime?
False
Is 26507 prime?
False
Is 35671 a composite number?
False
Is 3647 prime?
False
Is 237953 composite?
True
Is 120331 a composite number?
False
Is 103947 composite?
True
Is 64969 composite?
False
Is 8999 a composite number?
False
Is 67261 prime?
True
Is 32749 composite?
False
Is 131791 prime?
False
Is 268271 a composite number?
False
Is 10099 composite?
False
Is 37847 composite?
False
Is 309373 a prime number?
False
Is 876149 composite?
False
Is 7237 prime?
True
Is 58018 a prime number?
False
Is 9643 a prime number?
True
Is 141445 composite?
True
Is 65809 a prime number?
True
Is 14493 composite?
True
Is 75434 composite?
True
Is 41507 composite?
False
Is 6563 prime?
True
Is 884003 prime?
True
Is 405599 prime?
True
Is 34043 composite?
True
Is 242741 a composite number?
True
Is 146437 a prime number?
True
Is 1391921 prime?
False
Is 8005 a prime number?
False
Is 35635 composite?
True
Is 2406358 prime?
False
Is 16331 a prime number?
False
Is 89993 a composite number?
True
Is 9347 composite?
True
Is 98357 composite?
True
Is 25561 a prime number?
True
Is 4663 composite?
False
Is 2014457 prime?
True
Is 9613 composite?
False
Is 8005 a composite number?
True
Is 33403 a composite number?
False
Is 460931 composite?
True
Is 100057 a composite number?
False
Is 51169 composite?
False
Is 2761 prime?
False
Is 1498403 a prime number?
True
Is 11303 prime?
False
Is 1478909 a composite number?
False
Is 8247 a prime number?
False
Is 140435 a composite number?
True
Is 7303 a composite number?
True
Is 1475431 a prime number?
True
Is 533266 composite?
True
Is 66271 a prime number?
True
Is 2426 prime?
False
Is 10841 a prime number?
False
Is 30633 composite?
True
Is 68569 prime?
False
Is 78466 a composite number?
True
Is 630349 composite?
False
Is 42469 a prime number?
False
Is 256699 composite?
False
Is 1278391 a composite number?
False
Is 13577 composite?
False
Is 88897 prime?
True
Is 9143 a prime number?
False
Is 44827 a prime number?
False
Is 426607 a composite number?
True
Is 261347 a composite number?
False
Is 144215 a composite number?
True
Is 3809 a composite number?
True
Is 7003 a composite number?
True
Is 762427 a prime number?
False
Is 34403 composite?
False
Is 26821 prime?
True
Is 2179 a composite number?
False
Is 58009 composite?
True
Is 3761 prime?
True
Is 104645 a composite number?
True
Is 416473 composite?
False
Is 144031 a prime number?
True
Is 132227 a composite number?
True
Is 174697 prime?
False
Is 152965 composite?
True
Is 5998 a composite number?
True
Is 4416977 a prime number?
True
Is 19163 a prime number?
True
Is 6819 prime?
False
Is 43573 a composite number?
False
Is 7717 a composite number?
False
Is 73199 composite?
True
Is 142007 a composite number?
False
Is 50207 composite?
False
Is 61133 composite?
True
Is 95617 prime?
True
Is 114447 composite?
True
Is 71241 composite?
True
Is 207577 composite?
True
Is 3831 a prime number?
False
Is 307817 composite?
False
Is 678361 a prime number?
False
Is 15157 prime?
False
Is 201031 prime?
True
Is 4552019 a composite number?
False
Is 82883 a composite number?
False
Is 45587 a composite number?
False
Is 464513 prime?
False
Is 977597 composite?
True
Is 2773 a prime number?
False
Is 90353 composite?
False
Is 15079 composite?
True
Is 1481 composite?
False
Is 707 composite?
True
Is 64871 a prime number?
True
Is 9763 prime?
False
Is 7993 a prime number?
True
Is 514933 a composite number?
False
Is 278297 prime?
False
Is 786449 composite?
False
Is 9127 composite?
False
Is 6499 prime?
False
Is 2221 composite?
False
Is 135023 prime?
False
Is 2129 a composite number?
False
Is 1689 composite?
True
Is 181637 prime?
False
Is 84863 a prime number?
False
Is 667 a prime number?
False
Is 8953 prime?
False
Is 142033 a composite number?
True
Is 2684701 a composite number?
False
Is 1470889 prime?
False
Is 18227 a composite number?
True
Is 6373 composite?
False
Is 20921 a composite number?
False
Is 79141 composite?
True
Is 51749 a prime number?
True
Is 44435 prime?
False
Is 57913 a prime number?
False
Is 58723 a prime number?
False
Is 27257 prime?
False
Is 268289 a prime number?
False
Is 7255 a prime number?
False
Is 23451 a composite number?
True
Is 10397 composite?
True
Is 18637 a prime number?
True
Is 634677 a composite number?
True
Is 99469 a prime number?
True
Is 193649 composite?
False
Is 22031 a prime number?
True
Is 16319 composite?
False
Is 5051 a prime number?
True
Is 29009 a prime number?
True
Is 39953 prime?
True
Is 364739 a prime number?
True
Is 2581 a composite number?
True
Is 307817 prime?
True
Is 227317 co